
1
Suppose r = -1, -4*r - 4 = -5*k + 20. Suppose 18 = 2*w + 6. What is the units digit of w*2/k - -3?
6
Suppose -2*n = -q + n + 51, 0 = 5*n + 10. What is the tens digit of q?
4
Let l(q) = 5*q + 1. Let x be l(2). Let p(b) = b**2 + 6*b + 5. Let d be p(-6). Let j = x - d. What is the units digit of j?
6
Let j = 214 - -71. What is the tens digit of j?
8
Let l be (1 + -3)/(6/12). What is the tens digit of (-18 + 0)/(3/l)?
2
Let q = 310 + -189. What is the hundreds digit of q?
1
Let g = 5 + 1. Let t(d) = d**3 - 7*d**2 + 6*d + 1. Let b be t(g). Suppose 2*f - 4*o = -14, -4*f + 16 = o - b. What is the units digit of f?
3
Let d(f) = -f + 4. Let v(n) = -n - 5. Let p be v(-6). Let h be p*((-26)/2 + 3). What is the units digit of d(h)?
4
Let p be (9 - 1)*(-3)/6. Let j = p - -8. What is the units digit of j?
4
Let z(x) = x**2 - x - 13. What is the tens digit of z(-10)?
9
Suppose -4*h - d + 486 = 2*d, h + 3*d - 117 = 0. What is the tens digit of h?
2
Let b(l) = -l**3 + l**2 - l - 3. Let m be b(0). Let s be (-14)/(-21) - (-8)/m. Let k = s + 21. What is the units digit of k?
9
Let a(h) = 78*h**2 - 4*h + 1. What is the tens digit of a(1)?
7
Let z(f) = -f**3 + 3*f + 2. Let k be z(-2). Suppose 3*m = 2*m - k*p - 6, p + 27 = 4*m. Let v = m - -2. What is the units digit of v?
8
Let j(h) = -h**3 - 3*h**2 + 6*h + 6. Let r be j(-4). Let k be 2 + ((-2)/r - 6). What is the units digit of ((-24)/9)/4*k?
2
Let t(g) = -g**3 + 8*g**2 + g - 2. Let s(r) = 2*r**2 - r. Let u be s(1). Suppose 7 = 2*o - 2*v + u, v + 27 = 4*o. What is the units digit of t(o)?
6
What is the units digit of (4 - 1)/(1/20)?
0
Suppose 12*h - 5*h - 1281 = 0. What is the units digit of h?
3
What is the units digit of (84 + -1 - 0)/(-34 - -35)?
3
Let w(f) = 39*f - 36. What is the units digit of w(5)?
9
Let c be 7/(28/(-16)) + 40. Suppose 5*g - c = g. What is the units digit of g?
9
Suppose m + 2*m = 18. Suppose -y - m = 2*w, y = 2*y - 2. What is the units digit of w/14 + 44/7?
6
What is the units digit of -1 - (3 + -3 + -3)?
2
Let i = -1 + 7. What is the tens digit of (-2)/3 - (-160)/i?
2
Let a be ((-6)/(-4))/((-3)/(-22)). Suppose -a - 9 = -5*u. What is the units digit of u?
4
Let a = 35 - 68. Let z be -2 + 2*a/(-6). Let b = 13 - z. What is the units digit of b?
4
Suppose -y + 360 = 4*y. Suppose g + 4*h + y = 5*g, -2*h + 8 = 0. What is the units digit of g?
2
Suppose -4 = -5*w + 3*w. Let t(b) = b**3 + 2*b**2 - 4*b + 2. What is the units digit of t(w)?
0
Suppose o - 92 = 5*x, 412 = 3*o + 2*o - x. What is the units digit of o?
2
Suppose 0 = h - j + 3, 5 = -3*h + 4*h - 5*j. Let o = 12 + -20. Let p = h - o. What is the units digit of p?
3
Let o(s) = -s**2 + 14*s + 13. What is the tens digit of o(8)?
6
Suppose -2*l + 30 = l. What is the tens digit of l?
1
Let x(w) = -7 + 9*w - 2 - 2 + 0. What is the units digit of x(7)?
2
Suppose 18*w = 20*w - 106. What is the units digit of w?
3
Suppose -4*v = 2*d - 152, 4*d + 2*v = 184 + 114. What is the units digit of d?
4
Let x(f) = -2*f - 3. Let v(a) = a + 1. Let l(r) = -3*v(r) - x(r). Let q be l(-2). Suppose 3*s = q + 1. What is the units digit of s?
1
Suppose 10*q = 8*q + 66. What is the units digit of q?
3
Let r = 38 - 25. Let a = 43 - r. What is the units digit of a?
0
What is the units digit of (131 - -2) + 2/(-4)*0?
3
Let z(o) = -7*o. Let d be z(-1). Let y = d + 0. What is the units digit of y + (2 - 1) + 1?
9
What is the units digit of (-2 + -107)/(2/(0 + -2))?
9
Let l be (-16)/12*3/2. What is the units digit of (-6)/l - (4 - 2)?
1
Let c(w) be the third derivative of -w**6/120 - 3*w**5/20 - 5*w**4/12 - w**3 - 2*w**2. What is the units digit of c(-8)?
0
Let v = 81 + 38. What is the hundreds digit of v?
1
Let u(d) = d**2 + 2*d - 5. What is the units digit of u(-4)?
3
Let f(g) = -6 - 2*g + 5 - 7*g**2 + 19*g**2. Let l be f(-1). Suppose 3*x - 9 = 0, -5*y + l = -7*x + 3*x. What is the units digit of y?
5
Let d = -68 + 126. What is the units digit of d?
8
Suppose -38 = -3*t + 7. Suppose 2*j - t = -j. Let k(m) = m**3 - 4*m**2 - 4*m + 4. What is the units digit of k(j)?
9
Let j(u) = u**3 - 9*u**2 + 10*u + 5. Let y be j(8). Suppose 4*g - 19 - y = 2*m, 0 = -2*m - g - 25. Let x = m - -31. What is the units digit of x?
7
Suppose -9 - 31 = 4*u. What is the units digit of (u/(-15))/(2/3)?
1
Let h be ((-7)/28)/((-1)/4). What is the units digit of 31 + h + -4 + 3?
1
Suppose -5*d = -15*d + 760. What is the units digit of d?
6
Let z = -333 + 468. What is the hundreds digit of z?
1
Let w(i) = -6*i**2 - 10*i - 7. Let k(f) = 2*f**2 + 3*f + 2. Let g(o) = 7*k(o) + 2*w(o). What is the units digit of g(2)?
0
Suppose -3*r + 0*r - 12 = -5*x, r + 2*x + 15 = 0. Let z(b) = -b - 8. What is the units digit of z(r)?
1
Let g(b) = -b**2 - 4*b - 1. Let q = -2 - 1. Let u be g(q). Suppose -2*t + 0*t - 8 = 0, -i + u*t + 23 = 0. What is the tens digit of i?
1
Suppose -3*b + 7*b = -4. Let q(f) = -10*f**3. What is the units digit of q(b)?
0
Let o(r) = -5*r**2 + 5*r**2 - 12*r + 18 + r**2. What is the tens digit of o(14)?
4
Suppose -6*q + 124 = -4*q. What is the tens digit of q?
6
Let b = -21 - -44. Suppose 4*j = j + 4*o + 66, 0 = -j + o + b. What is the units digit of j?
6
Let d = 156 - 137. What is the units digit of d?
9
Let h(m) be the third derivative of m**6/120 + m**5/20 - m**4/3 - m**3/2 + 4*m**2. Let s be h(-5). Let l = 21 + s. What is the units digit of l?
8
Suppose 0 = -m + 6*m - 4*s + 15, -s + 9 = 4*m. Suppose -4*w = 5*a - 18, 1 = -4*a + 5*w - m. What is the units digit of -1 + a + 0 - -1?
2
Suppose -2*l - 2*t = -12, 4 = -l - 2*t + 15. What is the units digit of l?
1
Let q = 19 - -2. What is the units digit of q?
1
Suppose p - h + 0 = 11, 0 = 4*p - h - 35. What is the units digit of p?
8
Let o = -19 - -21. Suppose 2*w - 4*p - 38 = 0, -o*p + 4 + 2 = 0. What is the tens digit of w?
2
Suppose t + 3 = 2*t. Suppose -t*s = 7 - 37. What is the units digit of s?
0
Suppose 70 = 2*m + 3*m - 2*i, 0 = -2*m + 5*i + 7. What is the units digit of (-3)/4 + 268/m?
6
Let z(h) = 24*h + 37. What is the tens digit of z(8)?
2
Let w = -15 + 18. What is the units digit of w?
3
What is the tens digit of -55*(3 + (-38)/10)?
4
Suppose 3*d = -3*h - 72, -2*d + d - 32 = -h. Let g = -9 - d. What is the units digit of g?
9
Let b(t) = 4*t**2 - 3*t + 4. What is the tens digit of b(3)?
3
Let u be ((-308)/(-8) - 0)*2. Let o = u + -55. What is the tens digit of o?
2
Suppose -35 - 22 = -3*u. Suppose -10*o + 4 = -8*o. Suppose 7 - u = -o*q. What is the units digit of q?
6
Suppose -5*t = -0*t - 75. Let x be 0/(-3) - t/(-3). Suppose -s + 10 = x*l, 2*l - 2*s = -s + 11. What is the units digit of l?
3
Suppose 0*n = -5*n - 3*b + 540, -4*b + 125 = n. What is the units digit of n?
5
Let r(d) = d**3 + 10*d**2 + 9*d + 11. What is the tens digit of r(-9)?
1
Let q = -44 + 53. What is the units digit of q?
9
Suppose j = -5, 4*p + 3*j - 697 = -0*p. What is the tens digit of p?
7
Let s = -4 - -5. Let q be 5 + s/1 - -1. Suppose f = 0, -2*f + q*f = 5*w - 85. What is the tens digit of w?
1
Suppose 2*i + 3*m - 201 = 0, 0 = -7*i + 8*i + 3*m - 102. What is the units digit of i?
9
Suppose -4*d - 8 = 0, -3*o = -3*d - d - 95. What is the units digit of o?
9
What is the tens digit of (0 - 0) + 194/(-4)*-2?
9
Let c(x) be the third derivative of x**4/24 + x**3/6 - 2*x**2. What is the units digit of c(9)?
0
Let r = 3 - -2. Suppose -2*a + 42 = -j, -a + r*j = 2*j - 11. What is the tens digit of a?
2
Suppose -l = -4*r + 1 + 4, 3*l + 22 = 5*r. Let i(w) = -2*w + 2. What is the tens digit of i(l)?
2
Let o(t) = -t**3 - 10*t**2 - 3*t - 14. Let m = -33 - -23. What is the units digit of o(m)?
6
Let s(m) = 4*m**3 + 1. Let y be s(1). Suppose -6 = y*j - 1. What is the units digit of (-14)/(-2) + -1 + j?
5
Let t = -97 + 64. Let r be 12*2/((-24)/t). Suppose -r = -3*l - 5*h + 2*h, -5*l + 56 = 4*h. What is the units digit of l?
2
Let t be (-1)/(6/4 - 2). Let y be 5/(-20) + t/8. Suppose -5*k + 50 = -y*k. What is the tens digit of k?
1
Let s = -30 - -65. What is the tens digit of -3*4/(-30)*s?
1
Suppose -2*m + 5 = -m. Let z = -2 + m. What is the units digit of z?
3
Let v(p) = -2*p**3 - 9*p**2 - 18*p + 6. What is the units digit of v(-5)?
1
Let l = 5 - 5. Let g = 0 - l. Suppose u = -g + 6. What is the units digit of u?
6
Let p be 1*2*(-18)/(-4). Suppose 0 = 3*f - p - 21. What is